{"id":6760,"date":"2026-03-31T10:19:39","date_gmt":"2026-03-31T08:19:39","guid":{"rendered":"https:\/\/hungerprojekt.ch\/?page_id=6760"},"modified":"2026-03-31T10:19:39","modified_gmt":"2026-03-31T08:19:39","slug":"yoga-event-may-2026","status":"publish","type":"page","link":"https:\/\/hungerprojekt.ch\/de\/yoga-event-may-2026\/","title":{"rendered":"Yoga Event Mai 2026"},"content":{"rendered":"<div class=\"wpb-content-wrapper\"><p>[vc_row css_animation=&#8220;&#8220; row_type=&#8220;row&#8220; use_row_as_full_screen_section=&#8220;yes&#8220; type=&#8220;full_width&#8220; angled_section=&#8220;no&#8220; text_align=&#8220;center&#8220; background_image_as_pattern=&#8220;without_pattern&#8220; z_index=&#8220;&#8220; el_class=&#8220;custom-header { min-height: 600px; }&#8220; padding_top=&#8220;150&#8243; padding_bottom=&#8220;150&#8243; css=&#8220;.vc_custom_1774945128031{background-image: url(https:\/\/hungerprojekt.ch\/wp-content\/uploads\/2026\/03\/natural-dried-flower-floral-background-1-scaled.jpg?id=6776) !important;background-position: center !important;background-repeat: no-repeat !important;background-size: cover !important;}&#8220;][vc_column css=&#8220;.vc_custom_1757588922464{background-position: center !important;background-repeat: no-repeat !important;background-size: cover !important;border-radius: 35px !important;}&#8220; el_class=&#8220;custom-header { min-height: 600px; }&#8220;][vc_row_inner row_type=&#8220;row&#8220; type=&#8220;full_width&#8220; text_align=&#8220;left&#8220; css_animation=&#8220;&#8220;][vc_column_inner][vc_column_text][\/vc_column_text][\/vc_column_inner][\/vc_row_inner][\/vc_column][\/vc_row][vc_row css_animation=&#8220;&#8220; row_type=&#8220;row&#8220; use_row_as_full_screen_section=&#8220;no&#8220; type=&#8220;full_width&#8220; angled_section=&#8220;no&#8220; text_align=&#8220;left&#8220; background_image_as_pattern=&#8220;without_pattern&#8220;][vc_column][vc_column_text css=&#8220;.vc_custom_1774940734126{padding-top: 20px !important;}&#8220;]<\/p>\n<h1><\/h1>\n<h1 data-start=\"108\" data-end=\"142\"><span style=\"color: #0000aa;\">Yoga f\u00fcr eine Welt ohne Hunger<\/span><\/h1>\n<p data-start=\"143\" data-end=\"496\">Sch\u00f6n, dass Du mit uns Yoga machen m\u00f6chtest! Das Yoga Projekt wurde von Carine Buser in Kooperation mit dem Hunger Projekt Schweiz ins Leben gerufen und findet am\u00a0<b>31. Mai von 11h00 bis ca. 12h00 online<\/b> statt. Es handelt sich dabei um ein Charity Event: Alle sind herzlich willkommen und k\u00f6nnen den Betrag geben, der f\u00fcr sie m\u00f6glich ist. S\u00e4mtliche Ertr\u00e4ge werden an das Hunger Projekt Schweiz gespendet und f\u00fcr verschiedene Projekte in Benin und Burkina Faso eingesetzt. Gemeinsam schaffen wir so eine gerechtere Welt und leisten einen wertvollen Beitrag zur Ern\u00e4hrungssicherheit. Wir freuen uns \u00fcber deine Teilnahme an dieser Yoga-Stunde gegen den Welthunger!<\/p>\n<p data-start=\"143\" data-end=\"496\"><strong><span style=\"color: #0000aa;\"><a style=\"color: #0000aa;\" href=\"https:\/\/docs.google.com\/forms\/d\/e\/1FAIpQLSfJlqlRJpFgzJmtP8M_z6ObL7cfWs8QAiAkyl6J-6ryCkZqaA\/viewform?usp=sharing&amp;ouid=106103094575225502263\">Hier geht&#8217;s zur Anmeldung.\u00a0<\/a><\/span><\/strong><\/p>\n<p>[\/vc_column_text][\/vc_column][\/vc_row][vc_row css_animation=&#8220;&#8220; row_type=&#8220;row&#8220; use_row_as_full_screen_section=&#8220;no&#8220; type=&#8220;full_width&#8220; angled_section=&#8220;no&#8220; text_align=&#8220;left&#8220; background_image_as_pattern=&#8220;without_pattern&#8220;][vc_column parallax=&#8220;content-moving&#8220; css_animation=&#8220;slideInLeft&#8220; el_class=&#8220;mein-rahmen&#8220; css=&#8220;.vc_custom_1757062742149{padding-right: 2px !important;padding-left: 7px !important;}&#8220;][vc_row_inner row_type=&#8220;row&#8220; type=&#8220;full_width&#8220; text_align=&#8220;left&#8220; css_animation=&#8220;&#8220;][vc_column_inner][vc_single_image image=&#8220;6754&#8243; img_size=&#8220;full&#8220; css=&#8220;&#8220; qode_css_animation=&#8220;&#8220;][\/vc_column_inner][\/vc_row_inner][vc_column_text css=&#8220;&#8220;]<em>*<\/em><em>Die \u00dcberweisung auf unser Post- oder Bankkonto ist die\u00a0f\u00fcr uns g\u00fcnstigste Zahlungsart \u2013 so k\u00f6nnen wir Ihre Spende optimal einsetzen.<\/em>[\/vc_column_text][\/vc_column][\/vc_row]<\/p>\n<\/div>","protected":false},"excerpt":{"rendered":"<p>[vc_row css_animation=&#8220;&#8220; row_type=&#8220;row&#8220; use_row_as_full_screen_section=&#8220;yes&#8220; type=&#8220;full_width&#8220; angled_section=&#8220;no&#8220; text_align=&#8220;center&#8220; background_image_as_pattern=&#8220;without_pattern&#8220; z_index=&#8220;&#8220; el_class=&#8220;custom-header { min-height: 600px; }&#8220; padding_top=&#8220;150&#8243; padding_bottom=&#8220;150&#8243; css=&#8220;.vc_custom_1774945128031{background-image: url(https:\/\/hungerprojekt.ch\/wp-content\/uploads\/2026\/03\/natural-dried-flower-floral-background-1-scaled.jpg?id=6776) !important;background-position: center !important;background-repeat: no-repeat !important;background-size: cover !important;}&#8220;][vc_column css=&#8220;.vc_custom_1757588922464{background-position: center !important;background-repeat: no-repeat !important;background-size: cover !important;border-radius: 35px !important;}&#8220; el_class=&#8220;custom-header { min-height: 600px; }&#8220;][vc_row_inner row_type=&#8220;row&#8220; type=&#8220;full_width&#8220; text_align=&#8220;left&#8220; css_animation=&#8220;&#8220;][vc_column_inner][vc_column_text][\/vc_column_text][\/vc_column_inner][\/vc_row_inner][\/vc_column][\/vc_row][vc_row css_animation=&#8220;&#8220; row_type=&#8220;row&#8220;&#8230;<\/p>\n","protected":false},"author":3,"featured_media":0,"parent":0,"menu_order":0,"comment_status":"closed","ping_status":"closed","template":"","meta":{"inline_featured_image":false,"footnotes":""},"class_list":["post-6760","page","type-page","status-publish","hentry"],"_links":{"self":[{"href":"https:\/\/hungerprojekt.ch\/de\/wp-json\/wp\/v2\/pages\/6760","targetHints":{"allow":["GET"]}}],"collection":[{"href":"https:\/\/hungerprojekt.ch\/de\/wp-json\/wp\/v2\/pages"}],"about":[{"href":"https:\/\/hungerprojekt.ch\/de\/wp-json\/wp\/v2\/types\/page"}],"author":[{"embeddable":true,"href":"https:\/\/hungerprojekt.ch\/de\/wp-json\/wp\/v2\/users\/3"}],"replies":[{"embeddable":true,"href":"https:\/\/hungerprojekt.ch\/de\/wp-json\/wp\/v2\/comments?post=6760"}],"version-history":[{"count":8,"href":"https:\/\/hungerprojekt.ch\/de\/wp-json\/wp\/v2\/pages\/6760\/revisions"}],"predecessor-version":[{"id":6780,"href":"https:\/\/hungerprojekt.ch\/de\/wp-json\/wp\/v2\/pages\/6760\/revisions\/6780"}],"wp:attachment":[{"href":"https:\/\/hungerprojekt.ch\/de\/wp-json\/wp\/v2\/media?parent=6760"}],"curies":[{"name":"wp","href":"https:\/\/api.w.org\/{rel}","templated":true}]}}

<div class="wpb-content-wrapper"><p>[vc_row css_animation=&#8220;&#8220; row_type=&#8220;row&#8220; use_row_as_full_screen_section=&#8220;yes&#8220; type=&#8220;full_width&#8220; angled_section=&#8220;no&#8220; text_align=&#8220;center&#8220; background_image_as_pattern=&#8220;without_pattern&#8220; z_index=&#8220;&#8220; el_class=&#8220;custom-header { min-height: 600px; }&#8220; padding_top=&#8220;150&#8243; padding_bottom=&#8220;150&#8243; css=&#8220;.vc_custom_1774945128031{background-image: url(https://hungerprojekt.ch/wp-content/uploads/2026/03/natural-dried-flower-floral-background-1-scaled.jpg?id=6776) !important;background-position: center !important;background-repeat: no-repeat !important;background-size: cover !important;}&#8220;][vc_column css=&#8220;.vc_custom_1757588922464{background-position: center !important;background-repeat: no-repeat !important;background-size: cover !important;border-radius: 35px !important;}&#8220; el_class=&#8220;custom-header { min-height: 600px; }&#8220;][vc_row_inner row_type=&#8220;row&#8220; type=&#8220;full_width&#8220; text_align=&#8220;left&#8220; css_animation=&#8220;&#8220;][vc_column_inner][vc_column_text][/vc_column_text][/vc_column_inner][/vc_row_inner][/vc_column][/vc_row][vc_row css_animation=&#8220;&#8220; row_type=&#8220;row&#8220; use_row_as_full_screen_section=&#8220;no&#8220; type=&#8220;full_width&#8220; angled_section=&#8220;no&#8220; text_align=&#8220;left&#8220; background_image_as_pattern=&#8220;without_pattern&#8220;][vc_column][vc_column_text css=&#8220;.vc_custom_1774940734126{padding-top: 20px !important;}&#8220;]</p>
<h1></h1>
<h1 data-start="108" data-end="142"><span style="color: #0000aa;">Yoga für eine Welt ohne Hunger</span></h1>
<p data-start="143" data-end="496">Schön, dass Du mit uns Yoga machen möchtest! Das Yoga Projekt wurde von Carine Buser in Kooperation mit dem Hunger Projekt Schweiz ins Leben gerufen und findet am <b>31. Mai von 11h00 bis ca. 12h00 online</b> statt. Es handelt sich dabei um ein Charity Event: Alle sind herzlich willkommen und können den Betrag geben, der für sie möglich ist. Sämtliche Erträge werden an das Hunger Projekt Schweiz gespendet und für verschiedene Projekte in Benin und Burkina Faso eingesetzt. Gemeinsam schaffen wir so eine gerechtere Welt und leisten einen wertvollen Beitrag zur Ernährungssicherheit. Wir freuen uns über deine Teilnahme an dieser Yoga-Stunde gegen den Welthunger!</p>
<p data-start="143" data-end="496"><strong><span style="color: #0000aa;"><a style="color: #0000aa;" href="https://docs.google.com/forms/d/e/1FAIpQLSfJlqlRJpFgzJmtP8M_z6ObL7cfWs8QAiAkyl6J-6ryCkZqaA/viewform?usp=sharing&amp;ouid=106103094575225502263">Hier geht&#8217;s zur Anmeldung. </a></span></strong></p>
<p>[/vc_column_text][/vc_column][/vc_row][vc_row css_animation=&#8220;&#8220; row_type=&#8220;row&#8220; use_row_as_full_screen_section=&#8220;no&#8220; type=&#8220;full_width&#8220; angled_section=&#8220;no&#8220; text_align=&#8220;left&#8220; background_image_as_pattern=&#8220;without_pattern&#8220;][vc_column parallax=&#8220;content-moving&#8220; css_animation=&#8220;slideInLeft&#8220; el_class=&#8220;mein-rahmen&#8220; css=&#8220;.vc_custom_1757062742149{padding-right: 2px !important;padding-left: 7px !important;}&#8220;][vc_row_inner row_type=&#8220;row&#8220; type=&#8220;full_width&#8220; text_align=&#8220;left&#8220; css_animation=&#8220;&#8220;][vc_column_inner][vc_single_image image=&#8220;6754&#8243; img_size=&#8220;full&#8220; css=&#8220;&#8220; qode_css_animation=&#8220;&#8220;][/vc_column_inner][/vc_row_inner][vc_column_text css=&#8220;&#8220;]<em>*</em><em>Die Überweisung auf unser Post- oder Bankkonto ist die für uns günstigste Zahlungsart – so können wir Ihre Spende optimal einsetzen.</em>[/vc_column_text][/vc_column][/vc_row]</p>
</div>
